{"id":164,"date":"2025-10-13T07:12:35","date_gmt":"2025-10-13T07:12:35","guid":{"rendered":"https:\/\/gachhoabinh.vn\/?post_type=product&#038;p=164"},"modified":"2025-10-13T07:13:10","modified_gmt":"2025-10-13T07:13:10","slug":"gach-lat-terrazzo-221","status":"publish","type":"product","link":"https:\/\/gachhoabinh.vn\/index.php\/product\/gach-lat-terrazzo-221\/","title":{"rendered":"G\u1ea1ch L\u00e1t Terrazzo 222"},"content":{"rendered":"<p>S\u1ea3n ph\u1ea9m<strong> G\u1ea1ch L\u00e1t Terrazzo HB222 l<\/strong>\u00e0 m\u1eabu g\u1ea1ch v\u1ec9a h\u00e8 ph\u1ed5 bi\u1ebfn tr\u00ean th\u1ecb tr\u01b0\u1eddng, thu\u1ed9c d\u00f2ng g\u1ea1ch kh\u00f4ng nung, s\u1ea3n xu\u1ea5t b\u1eb1ng c\u00f4ng ngh\u1ec7 \u00e9p th\u1ee7y l\u1ef1c. Lo\u1ea1i g\u1ea1ch n\u00e0y c\u00f3 \u0111\u1ed9 c\u1ee9ng cao, kh\u1ea3 n\u0103ng kh\u00e1ng m\u00e0i m\u00f2n t\u1ed1t c\u00f9ng v\u1edbi m\u1eabu m\u00e3 thi\u1ebft k\u1ebf \u0111a d\u1ea1ng n\u00ean r\u1ea5t \u0111\u01b0\u1ee3c \u01b0a chu\u1ed9ng tr\u00ean th\u1ecb tr\u01b0\u1eddng. \u0110\u1ec3 hi\u1ec3u th\u00eam chi ti\u1ebft s\u1ea3n ph\u1ea9m,\u00a0 m\u1eddi b\u1ea1n tham kh\u1ea3o th\u00f4ng tin d\u01b0\u1edbi \u0111\u00e2y.<\/p>\n<h3>\u01afu \u0111i\u1ec3m c\u1ee7a g\u1ea1ch l\u00e1t Terrazzo <strong>HB222<\/strong><\/h3>\n<p>S\u1ea3n ph\u1ea9m\u00a0<strong>g\u1ea1ch l\u00e1t Terrazzo HB222 <\/strong>c\u00f3 nhi\u1ec1u \u01b0u \u0111i\u1ec3m n\u1ed5i tr\u1ed9i so v\u1edbi c\u00e1c d\u00f2ng g\u1ea1ch nung tr\u01b0\u1edbc \u0111\u00e2y, c\u1ee5 th\u1ec3 nh\u01b0:<\/p>\n<h4><span id=\"Do_cung_tot_co_kha_nang_chong_chiu_thoi_tiet_khac_nghiet\" class=\"ez-toc-section\"><\/span>\u0110\u1ed9 c\u1ee9ng t\u1ed1t, c\u00f3 kh\u1ea3 n\u0103ng ch\u1ed1ng ch\u1ecbu th\u1eddi ti\u1ebft kh\u1eafc nghi\u1ec7t<\/h4>\n<p>Nh\u1edd v\u00e0o l\u1ef1c n\u00e9n c\u1ef1c \u0111\u1ea1i n\u00ean c\u00e1c v\u1eadt li\u1ec7u c\u00f3 trong lo\u1ea1i g\u1ea1ch n\u00e0y \u0111\u1ee7 c\u1ee9ng ch\u1eafc, b\u1ec1n b\u1ec9 v\u1edbi c\u00e1c \u0111i\u1ec1u ki\u1ec7n th\u1eddi ti\u1ebft kh\u1eafc nghi\u1ec7t. Kh\u1ea3 n\u0103ng ch\u1ed1ng l\u1ef1c va \u0111\u1eadp, ch\u1ed1ng m\u00e0i m\u00f2n c\u01a1 h\u1ecdc t\u1ed1t, kh\u00e1ng \u0111\u01b0\u1ee3c \u1ea9m m\u1ed1c, rong r\u00eau, c\u1ecf m\u1ecdc, c\u00f3 tu\u1ed5i th\u1ecd s\u1eed d\u1ee5ng l\u00e2u. Th\u1eddi gian s\u1eed d\u1ee5ng cho c\u00e1c c\u00f4ng tr\u00ecnh ngo\u00e0i tr\u1eddi c\u00f3 th\u1ec3 l\u00ean \u0111\u1ebfn 30 n\u0103m.<\/p>\n<h4><span id=\"Thoat_nuoc_nhanh_de_ve_sinh\" class=\"ez-toc-section\"><\/span>Tho\u00e1t n\u01b0\u1edbc nhanh, d\u1ec5 v\u1ec7 sinh<\/h4>\n<p>C\u00e1c r\u00e3nh c\u1ee7a b\u1ec1 m\u1eb7t g\u1ea1ch gi\u00fap tho\u00e1t n\u01b0\u1edbc nhanh, t\u0103ng \u0111\u1ed9 ma s\u00e1t \u0111\u1ec3 gi\u1ea3m thi\u1ec3u tr\u01a1n tr\u01b0\u1ee3t cho ng\u01b0\u1eddi \u0111i b\u1ed9. \u0110\u1ed3ng th\u1eddi, b\u1ec1 m\u1eb7t c\u1ee7a\u00a0<strong>g\u1ea1ch l\u00e1t v\u1ec9a h\u00e8 Terrazzo HB222 <\/strong>d\u1ec5 d\u00e0ng v\u1ec7 sinh, nhanh kh\u00f4, lu\u00f4n s\u1ea1ch s\u1ebd l\u00e0m t\u0103ng gi\u00e1 tr\u1ecb th\u1ea9m m\u1ef9 cho c\u00f4ng tr\u00ecnh.<\/p>\n<h4><span id=\"Mau_ma_thong_dung\" class=\"ez-toc-section\"><\/span>M\u1eabu m\u00e3 th\u00f4ng d\u1ee5ng<\/h4>\n<p>Ki\u1ec3u d\u00e1ng n\u00e0y v\u1eeba \u0111\u01a1n gi\u1ea3n nh\u01b0ng l\u1ea1i \u0111\u1eb9p n\u00ean m\u1eabu\u00a0<strong>g\u1ea1ch l\u00e1t Terrazzo HB222 <\/strong>l\u00e0 m\u1ed9t trong nh\u1eefng m\u1eabu \u0111\u01b0\u1ee3c \u01b0a chu\u1ed9ng nh\u1ea5t. \u1ee8ng d\u1ee5ng nhi\u1ec1u nh\u1ea5t l\u00e0 l\u00e0m v\u1ec9a h\u00e8 cho \u0111\u01b0\u1eddng ph\u1ed1, c\u00f4ng vi\u00ean, b\u1edd h\u1ed3, b\u1edd k\u00e8,\u2026 nh\u01b0ng \u00edt khi n\u00e0o \u0111\u01b0\u1ee3c l\u00e1t cho c\u00e1c c\u00f4ng tr\u00ecnh sang tr\u1ecdng.<\/p>\n<h4><span id=\"Thi_cong_de_dang\" class=\"ez-toc-section\"><\/span>Thi c\u00f4ng d\u1ec5 d\u00e0ng<\/h4>\n<p>K\u00edch th\u01b0\u1edbc th\u00e0nh ph\u1ea9m lu\u00f4n chu\u1ea9n x\u00e1c v\u00ec \u0111\u1ebfn t\u1eeb c\u00f9ng 1 khu\u00f4n, vi\u1ec7c thi c\u00f4ng d\u1ec5 d\u00e0ng v\u00e0 \u00edt tr\u1ee5c tr\u1eb7c. Kh\u00f4ng nh\u1eefng v\u1eady, quy tr\u00ecnh thi c\u00f4ng c\u0169ng \u0111\u01a1n gi\u1ea3n, kh\u00f4ng \u0111\u00f2i h\u1ecfi m\u00e1y m\u00f3c thi\u1ebft b\u1ecb v\u00e0 c\u00f3 th\u1ec3 l\u00e0m th\u1ee7 c\u00f4ng, ti\u1ebft ki\u1ec7m nhi\u1ec1u chi ph\u00ed thi c\u00f4ng cho ch\u1ee7 th\u1ea7u.<\/p>\n<h4><span id=\"Gia_toi_uu_dap_ung_so_luong_lon\" class=\"ez-toc-section\"><\/span>Gi\u00e1 t\u1ed1i \u01b0u, \u0111\u00e1p \u1ee9ng s\u1ed1 l\u01b0\u1ee3ng l\u1edbn<\/h4>\n<p>Nh\u00e0 m\u00e1y g\u1ea1ch Ho\u00e0 B\u00ecnh c\u00f3 th\u1ec3 \u0111\u00e1p \u1ee9ng s\u1ea3n xu\u1ea5t m\u1eabu\u00a0<strong>g\u1ea1ch l\u00e1t h\u00e8 Terrazzo HB222 <\/strong>s\u1ed1 l\u01b0\u1ee3ng l\u1edbn cho nhi\u1ec1u c\u00f4ng tr\u00ecnh b\u1edfi c\u00f4ng ngh\u1ec7 s\u1ea3n xu\u1ea5t hi\u1ec7n \u0111\u1ea1i. Gi\u00e1 th\u00e0nh v\u00f4 c\u00f9ng m\u1ec1m b\u1edfi c\u00e1c nguy\u00ean li\u1ec7u th\u00e0nh ph\u1ea7n \u0111\u01a1n gi\u1ea3n, d\u1ec5 t\u00ecm nh\u01b0 c\u00e1t, \u0111\u00e1 mi, xi m\u0103ng,\u2026<\/p>\n<h4><span id=\"An_toan_voi_moi_truong\" class=\"ez-toc-section\"><\/span>An to\u00e0n v\u1edbi m\u00f4i tr\u01b0\u1eddng<\/h4>\n<p>C\u00f4ng ngh\u1ec7 g\u1ea1ch nung c\u0169 c\u1ea7n nhi\u1ec1u c\u1ee7i \u0111\u1ec3 \u0111\u1ed1t sinh ra n\u1ea1n ph\u00e1 r\u1eebng, qu\u00e1 tr\u00ecnh \u0111\u1ed1t c\u0169ng t\u1ea1o ra nhi\u1ec1u kh\u00f3i \u0111\u1ed9c h\u1ea1i. V\u1edbi c\u00f4ng ngh\u1ec7 n\u00e9n th\u1ee7y l\u1ef1c, vi\u1ec7c s\u1ea3n xu\u1ea5t kh\u00f4ng c\u1ea7n nung \u0111\u1ed1t n\u00ean v\u00f4 c\u00f9ng an to\u00e0n v\u1edbi m\u00f4i tr\u01b0\u1eddng.<\/p>\n","protected":false},"excerpt":{"rendered":"<p><strong>\u00a0L\u01b0u \u00fd:<\/strong>\u00a0\u0110\u01a1n gi\u00e1 t\u00ednh theo m2, thay \u0111\u1ed5i theo kh\u1ed1i l\u01b0\u1ee3ng \u0111\u1eb7t h\u00e0ng v\u00e0 khu v\u1ef1c giao h\u00e0ng<\/p>\n","protected":false},"featured_media":166,"comment_status":"open","ping_status":"closed","template":"","meta":[],"product_brand":[],"product_cat":[18],"product_tag":[],"class_list":{"0":"post-164","1":"product","2":"type-product","3":"status-publish","4":"has-post-thumbnail","6":"product_cat-gach-terrazzo","8":"first","9":"instock","10":"shipping-taxable","11":"purchasable","12":"product-type-simple"},"_links":{"self":[{"href":"https:\/\/gachhoabinh.vn\/index.php\/wp-json\/wp\/v2\/product\/164","targetHints":{"allow":["GET"]}}],"collection":[{"href":"https:\/\/gachhoabinh.vn\/index.php\/wp-json\/wp\/v2\/product"}],"about":[{"href":"https:\/\/gachhoabinh.vn\/index.php\/wp-json\/wp\/v2\/types\/product"}],"replies":[{"embeddable":true,"href":"https:\/\/gachhoabinh.vn\/index.php\/wp-json\/wp\/v2\/comments?post=164"}],"wp:featuredmedia":[{"embeddable":true,"href":"https:\/\/gachhoabinh.vn\/index.php\/wp-json\/wp\/v2\/media\/166"}],"wp:attachment":[{"href":"https:\/\/gachhoabinh.vn\/index.php\/wp-json\/wp\/v2\/media?parent=164"}],"wp:term":[{"taxonomy":"product_brand","embeddable":true,"href":"https:\/\/gachhoabinh.vn\/index.php\/wp-json\/wp\/v2\/product_brand?post=164"},{"taxonomy":"product_cat","embeddable":true,"href":"https:\/\/gachhoabinh.vn\/index.php\/wp-json\/wp\/v2\/product_cat?post=164"},{"taxonomy":"product_tag","embeddable":true,"href":"https:\/\/gachhoabinh.vn\/index.php\/wp-json\/wp\/v2\/product_tag?post=164"}],"curies":[{"name":"wp","href":"https:\/\/api.w.org\/{rel}","templated":true}]}}