{"id":167,"date":"2025-10-13T07:16:47","date_gmt":"2025-10-13T07:16:47","guid":{"rendered":"https:\/\/gachhoabinh.vn\/?post_type=product&#038;p=167"},"modified":"2025-10-13T07:16:48","modified_gmt":"2025-10-13T07:16:48","slug":"gach-lat-terrazzo-hb223","status":"publish","type":"product","link":"https:\/\/gachhoabinh.vn\/index.php\/product\/gach-lat-terrazzo-hb223\/","title":{"rendered":"G\u1ea1ch L\u00e1t Terrazzo HB223"},"content":{"rendered":"<p>S\u1ea3n ph\u1ea9m\u00a0<strong>g\u1ea1ch l\u00e1t Terrazzo HB223\u00a0 <\/strong>\u0111\u01b0\u1ee3c s\u1eed d\u1ee5ng th\u01b0\u1eddng trong c\u00e1c d\u00f2ng g\u1ea1ch kh\u00f4ng nung \u0111\u1ec3 l\u00e1t v\u1ec9a h\u00e8. Ki\u1ec3u d\u00e1ng c\u1ee7a m\u1eabu g\u1ea1ch n\u00e0y v\u00f4 c\u00f9ng \u0111\u1ed9c \u0111\u00e1o, s\u1ebd l\u00e0m b\u1eadt l\u00ean phong c\u00e1ch kh\u00e1c bi\u1ec7t c\u1ee7a c\u00f4ng tr\u00ecnh, r\u1ea5t ph\u00f9 h\u1ee3p \u0111\u1ec3 l\u00e1t s\u00e2n v\u01b0\u1eddn, v\u1ec9a h\u00e8. Tr\u01b0\u1edbc khi quy\u1ebft \u0111\u1ecbnh mua, b\u1ea1n h\u00e3y tham kh\u1ea3o m\u1ed9t s\u1ed1 \u01b0u \u0111i\u1ec3m c\u0169ng nh\u01b0 c\u00e1ch thi c\u00f4ng s\u1ea3n ph\u1ea9m\u00a0g\u1ea1ch Terrazzo\u00a0n\u00e0y nh\u00e9.<\/p>\n<h3>\u01afu \u0111i\u1ec3m c\u1ee7a g\u1ea1ch Terrazzo <strong>HB223\u00a0 <\/strong>g\u1ed3m nh\u1eefng g\u00ec?<\/h3>\n<p>S\u1ea3n ph\u1ea9m\u00a0<strong>g\u1ea1ch l\u00e1t v\u1ec9a h\u00e8 Terrazzo HB223\u00a0 \u00a0\u00a0<\/strong>c\u0169ng c\u00f3 nh\u1eefng \u01b0u \u0111i\u1ec3m c\u1ee7a d\u00f2ng g\u1ea1ch Terrazzo kh\u00f4ng nung kh\u00e1c nh\u01b0:<\/p>\n<h4><span id=\"Do_ben_cao_truong_ton_voi_thoi_gian\" class=\"ez-toc-section\"><\/span>\u0110\u1ed9 b\u1ec1n cao, tr\u01b0\u1eddng t\u1ed3n v\u1edbi th\u1eddi gian<\/h4>\n<p>G\u1ea1ch c\u00f3 kh\u1ea3 n\u0103ng ch\u1ed1ng ch\u1ecdi th\u1eddi ti\u1ebft t\u1ed1t nh\u1edd v\u00e0o \u0111\u1ed9 c\u1ee9ng t\u1ed1t, kh\u1ea3 n\u0103ng ch\u1ed1ng m\u00e0i m\u00f2n cao c\u00f9ng v\u1edbi kh\u00f4ng th\u1ea5m n\u01b0\u1edbc. G\u1ea1ch c\u00f3 th\u1ec3 ch\u1ecbu \u0111\u01b0\u1ee3c va \u0111\u1eadp l\u1edbn, kh\u00f3 tr\u1ea7y x\u01b0\u1edbc, c\u1ecf kh\u00f4ng m\u1ecdc \u0111\u01b0\u1ee3c, rong r\u00eau kh\u00f3 b\u00e1m n\u00ean th\u1eddi gian s\u1eed d\u1ee5ng r\u1ea5t l\u00e2u. Tu\u1ed5i th\u1ecd trung b\u00ecnh c\u1ee7a d\u00f2ng g\u1ea1ch Terrazzo c\u00f3 th\u1ec3 h\u01a1n 30 n\u0103m khi d\u00f9ng cho c\u00f4ng tr\u00ecnh ngo\u00e0i tr\u1eddi.<\/p>\n<h4><span id=\"Cac_ranh_co_nhieu_cong_dung\" class=\"ez-toc-section\"><\/span>C\u00e1c r\u00e3nh c\u00f3 nhi\u1ec1u c\u00f4ng d\u1ee5ng<\/h4>\n<p>R\u00e3nh c\u00f3 hoa v\u0103n l\u00e0 \u0111\u1eb7c tr\u01b0ng c\u1ee7a d\u00f2ng g\u1ea1ch Terrazzo v\u1ec9a h\u00e8. C\u00e1c r\u00e3nh n\u00e0y c\u00f3 c\u00f4ng d\u1ee5ng gi\u00fap t\u0103ng ma s\u00e1t cho ng\u01b0\u1eddi \u0111i b\u1ed9 \u0111\u1ed3ng th\u1eddi gi\u00fap tho\u00e1t n\u01b0\u1edbc nhanh m\u1ed7i khi tr\u1eddi m\u01b0a.<\/p>\n<p>Vi\u1ec7c lau ch\u00f9i, v\u1ec7 sinh b\u1ec1 m\u1eb7t g\u1ea1ch t\u1eeb \u0111\u00f3 c\u0169ng d\u1ec5 d\u00e0ng h\u01a1n. D\u1eabu cho tr\u1eddi \u0111ang m\u01b0a th\u00ec c\u00e1c r\u00e3nh n\u00e0y c\u0169ng gi\u00fap b\u1ec1 m\u1eb7t b\u1edbt tr\u01a1n tr\u01b0\u1ee3t, an to\u00e0n h\u01a1n cho ng\u01b0\u1eddi \u0111i b\u1ed9.<\/p>\n<h4><span id=\"Tiet_kiem_chi_phi_thi_cong\" class=\"ez-toc-section\"><\/span>Ti\u1ebft ki\u1ec7m chi ph\u00ed thi c\u00f4ng<\/h4>\n<p>Chi ph\u00ed thi c\u00f4ng kh\u00f4ng l\u1edbn do quy tr\u00ecnh thi c\u00f4ng r\u1ea5t d\u1ec5, kh\u00f4ng c\u1ea7n \u0111\u1ebfn m\u00e1y m\u00f3c chuy\u00ean d\u1ee5ng m\u00e0 c\u00f3 th\u1ec3 th\u1ef1c hi\u1ec7n th\u1ee7 c\u00f4ng.<\/p>\n<h4><span id=\"Gia_thanh_thap\" class=\"ez-toc-section\"><\/span>Gi\u00e1 th\u00e0nh th\u1ea5p<\/h4>\n<p>So v\u1edbi c\u00e1c lo\u1ea1i g\u1ea1ch n\u1ed9i th\u1ea5t, g\u1ea1ch th\u1ea9m m\u1ef9 hay th\u1eadm ch\u00ed g\u1ea1ch nung v\u1ec9a h\u00e8 th\u00ec g\u1ea1ch Terrazzo c\u00f3 gi\u00e1 th\u00e0nh th\u1ea5p h\u01a1n. V\u00ec th\u1ebf m\u00e0 lo\u1ea1i g\u1ea1ch n\u00e0y d\u1ea7n chi\u1ebfm l\u0129nh th\u1ecb tr\u01b0\u1eddng, \u0111\u01b0\u1ee3c s\u1eed d\u1ee5ng r\u1ed9ng r\u00e3i tr\u00ean kh\u1eafp c\u00e1c con \u0111\u01b0\u1eddng.<\/p>\n<h4><span id=\"An_toan_voi_suc_khoe_va_moi_truong\" class=\"ez-toc-section\"><\/span>An to\u00e0n v\u1edbi s\u1ee9c kh\u1ecfe v\u00e0 m\u00f4i tr\u01b0\u1eddng<\/h4>\n<p>Quy tr\u00ecnh s\u1ea3n xu\u1ea5t c\u1ee7a lo\u1ea1i g\u1ea1ch kh\u00f4ng nung n\u00e0y kh\u00f4ng h\u1ec1 \u0111\u1ed1t nhi\u00ean li\u1ec7u, kh\u00f4ng c\u1ea7n \u0111\u1ebfn l\u00f2 hay g\u00e2y ra kh\u00f3i. \u0110i\u1ec1u n\u00e0y g\u00f3p ph\u1ea7n b\u1ea3o v\u1ec7 s\u1ee9c kh\u1ecfe nh\u00e2n c\u00f4ng v\u00e0 an to\u00e0n v\u1edbi m\u00f4i tr\u01b0\u1eddng.<\/p>\n","protected":false},"excerpt":{"rendered":"<p><strong>\u00a0L\u01b0u \u00fd:<\/strong>\u00a0\u0110\u01a1n gi\u00e1 t\u00ednh theo m2, thay \u0111\u1ed5i theo kh\u1ed1i l\u01b0\u1ee3ng \u0111\u1eb7t h\u00e0ng v\u00e0 khu v\u1ef1c giao h\u00e0ng<\/p>\n","protected":false},"featured_media":168,"comment_status":"open","ping_status":"closed","template":"","meta":[],"product_brand":[],"product_cat":[18],"product_tag":[],"class_list":{"0":"post-167","1":"product","2":"type-product","3":"status-publish","4":"has-post-thumbnail","6":"product_cat-gach-terrazzo","8":"first","9":"instock","10":"shipping-taxable","11":"purchasable","12":"product-type-simple"},"_links":{"self":[{"href":"https:\/\/gachhoabinh.vn\/index.php\/wp-json\/wp\/v2\/product\/167","targetHints":{"allow":["GET"]}}],"collection":[{"href":"https:\/\/gachhoabinh.vn\/index.php\/wp-json\/wp\/v2\/product"}],"about":[{"href":"https:\/\/gachhoabinh.vn\/index.php\/wp-json\/wp\/v2\/types\/product"}],"replies":[{"embeddable":true,"href":"https:\/\/gachhoabinh.vn\/index.php\/wp-json\/wp\/v2\/comments?post=167"}],"wp:featuredmedia":[{"embeddable":true,"href":"https:\/\/gachhoabinh.vn\/index.php\/wp-json\/wp\/v2\/media\/168"}],"wp:attachment":[{"href":"https:\/\/gachhoabinh.vn\/index.php\/wp-json\/wp\/v2\/media?parent=167"}],"wp:term":[{"taxonomy":"product_brand","embeddable":true,"href":"https:\/\/gachhoabinh.vn\/index.php\/wp-json\/wp\/v2\/product_brand?post=167"},{"taxonomy":"product_cat","embeddable":true,"href":"https:\/\/gachhoabinh.vn\/index.php\/wp-json\/wp\/v2\/product_cat?post=167"},{"taxonomy":"product_tag","embeddable":true,"href":"https:\/\/gachhoabinh.vn\/index.php\/wp-json\/wp\/v2\/product_tag?post=167"}],"curies":[{"name":"wp","href":"https:\/\/api.w.org\/{rel}","templated":true}]}}