{"id":185,"date":"2025-10-13T12:07:58","date_gmt":"2025-10-13T12:07:58","guid":{"rendered":"https:\/\/gachhoabinh.vn\/?post_type=product&#038;p=185"},"modified":"2025-10-13T12:07:58","modified_gmt":"2025-10-13T12:07:58","slug":"gach-gia-da-coric-15x30","status":"publish","type":"product","link":"https:\/\/gachhoabinh.vn\/index.php\/product\/gach-gia-da-coric-15x30\/","title":{"rendered":"G\u1ea1ch gi\u1ea3 \u0111\u00e1 coric 15\u00d730"},"content":{"rendered":"<p>S\u1ea3n ph\u1ea9m\u00a0<strong>g\u1ea1ch\u00a0Coric\u00a015\u00d730 m\u00e0u v\u00e0ng<\/strong>\u00a0c\u00f3 k\u00edch th\u01b0\u1edbc nh\u1ecf, con s\u1ed1 15\u00d730 c\u00f3 ngh\u0129a l\u00e0 d\u00e0i 30cm, r\u1ed9ng 15cm. Chi\u1ec1u cao c\u1ee7a s\u1ea3n ph\u1ea9m l\u00e0 5cm v\u00e0 c\u00f3 kh\u1ed1i l\u01b0\u1ee3ng 5kg m\u1ed7i vi\u00ean. Th\u00e0nh ph\u1ea7n nguy\u00ean li\u1ec7u c\u1ee7a g\u1ea1ch g\u1ed3m c\u00e1t, \u0111\u00e1 mi, b\u1ed9t \u0111\u00e1, xi m\u0103ng, ph\u1ee5 gia, ch\u1ea5t t\u1ea1o m\u00e0u.<\/p>\n<p>Lo\u1ea1i g\u1ea1ch n\u00e0y \u0111\u01b0\u1ee3c s\u1ea3n xu\u1ea5t b\u1eb1ng c\u00f4ng ngh\u1ec7 g\u1ea1ch kh\u00f4ng nung hay c\u00f2n g\u1ecdi l\u00e0 c\u00f4ng ngh\u1ec7 m\u00e1y n\u00e9n th\u1ee7y l\u1ef1c, \u0111\u01b0\u1ee3c \u0111\u00e1nh gi\u00e1 l\u00e0 t\u1ea1o ra s\u1ea3n ph\u1ea9m b\u1ec1n c\u1ee9ng, kh\u00f4ng g\u00e2y \u00f4 nhi\u1ec5m m\u00f4i tr\u01b0\u1eddng, n\u0103ng su\u1ea5t t\u1ed1t.<\/p>\n<p>M\u1eabu g\u1ea1ch n\u00e0y th\u01b0\u1eddng xu\u1ea5t hi\u1ec7n \u1edf c\u00e1c khu v\u1ec9a h\u00e8, ph\u1ed1 \u0111i b\u1ed9, trung t\u00e2m th\u01b0\u01a1ng m\u1ea1i, khu resort ngh\u1ec9 d\u01b0\u1ee1ng, hi\u1ebfm khi g\u1eb7p \u1edf c\u00f4ng tr\u00ecnh nh\u00e0 n\u01b0\u1edbc. B\u1ec1 m\u1eb7t g\u1ea1ch kh\u00f4ng c\u00f3 hoa v\u0103n nh\u01b0ng th\u01b0\u1eddng th\u00ec m\u1eabu g\u1ea1ch n\u00e0y \u0111\u01b0\u1ee3c d\u00f9ng 2 m\u00e0u xen k\u1ebd v\u1edbi nhau, \u0111an xen r\u1ea5t \u0111\u1eb9p m\u1eaft.<\/p>\n<h3><span id=\"Uu_diem_noi_bat_cua_gach_gia_da_Coric_15%C3%9730_mau_vang\" class=\"ez-toc-section\"><\/span>\u01afu \u0111i\u1ec3m n\u1ed5i b\u1eadt c\u1ee7a g\u1ea1ch gi\u1ea3 \u0111\u00e1 Coric 15\u00d730 m\u00e0u v\u00e0ng<\/h3>\n<p><strong>G\u1ea1ch gi\u1ea3 \u0111\u00e1 15\u00d730 m\u00e0u v\u00e0ng<\/strong>\u00a0c\u00f3 ngo\u1ea1i h\u00ecnh b\u1ec1n ch\u1eafc, kh\u00f4ng c\u00f3 hoa v\u0103n m\u00e0 ch\u1ec9 l\u00e0 h\u00ecnh kh\u1ed1i vu\u00f4ng v\u1ee9c. Ngo\u00e0i \u0111\u1ed9 b\u1ec1n c\u1ee9ng v\u01b0\u1ee3t tr\u1ed9i th\u00ec lo\u1ea1i g\u1ea1ch n\u00e0y c\u00f3 nh\u1eefng \u01b0u \u0111i\u1ec3m \u0111\u00e1ng k\u1ec3 nh\u01b0 sau:<\/p>\n<ul>\n<li>Kh\u1ea3 n\u0103ng ch\u1ed1ng m\u00e0i m\u00f2n, \u0103n m\u00f2n h\u00f3a h\u1ecdc cao, kh\u00f4ng s\u1ee3 b\u1ecb n\u1ea5m m\u1ed1c, rong r\u00eau b\u00e1m, th\u00edch \u1ee9ng v\u1edbi m\u1ecdi \u0111i\u1ec1u ki\u1ec7n kh\u1eafc nghi\u1ec7t c\u1ee7a th\u1eddi ti\u1ebft. N\u1ebfu d\u00f9ng \u0111\u1ec3 l\u00e1t ngo\u00e0i tr\u1eddi th\u00ec th\u1eddi gian s\u1eed d\u1ee5ng \u00edt nh\u1ea5t h\u01a1n 30 n\u0103m, n\u1ebfu d\u00f9ng trong nh\u00e0 th\u00ec c\u00f2n l\u00e2u h\u01a1n.<\/li>\n<li>C\u00e1ch l\u00e1t v\u00e0 s\u1eed d\u1ee5ng nh\u01b0 g\u1ea1ch block, c\u00f3 th\u1ec3 k\u1ebft h\u1ee3p \u0111\u1ec3 t\u1ea1o h\u00ecnh m\u1ed9t c\u00e1ch s\u00e1ng t\u1ea1o, khi\u1ebfn cho b\u1ec1 m\u1eb7t n\u1ec1n c\u00e0ng th\u00eam \u0111\u1eb9p.<\/li>\n<li>B\u1ec1 m\u1eb7t nh\u00e1m gi\u00fap t\u0103ng \u0111\u1ed9 ma s\u00e1t, gi\u1ea3m tr\u01a1n tr\u01b0\u1ee3t cho ng\u01b0\u1eddi \u0111i b\u1ed9. Tuy nhi\u00ean, \u0111\u1ed9 nh\u00e1m n\u00e0y ch\u01b0a b\u1eb1ng m\u1ed9t s\u1ed1 lo\u1ea1i g\u1ea1ch v\u1ec9a h\u00e8 kh\u00e1c.<\/li>\n<li>Quy tr\u00ecnh s\u1ea3n xu\u1ea5t kh\u00f4ng d\u00f9ng nhi\u00ean li\u1ec7u, kh\u00f4ng c\u1ea7n c\u1ee7i \u0111\u1ed1t, kh\u00f4ng g\u00e2y ra kh\u00f3i n\u00ean kh\u00f4ng \u00f4 nhi\u1ec5m m\u00f4i tr\u01b0\u1eddng.<\/li>\n<li>Nguy\u00ean li\u1ec7u s\u1ea3n xu\u1ea5t d\u1ec5 t\u00ecm n\u00ean gi\u00e1 th\u00e0nh b\u00ecnh d\u00e2n, quy tr\u00ecnh thi c\u00f4ng c\u0169ng \u0111\u01a1n gi\u1ea3n n\u00ean c\u1ef1c k\u1ef3 ti\u1ebft ki\u1ec7m cho nh\u00e0 th\u1ea7u.<\/li>\n<\/ul>\n","protected":false},"excerpt":{"rendered":"<p><strong>\u00a0L\u01b0u \u00fd:<\/strong>\u00a0\u0110\u01a1n gi\u00e1 t\u00ednh theo m2, thay \u0111\u1ed5i theo s\u1ed1 l\u01b0\u1ee3ng \u0111\u1eb7t h\u00e0ng v\u00e0 khu v\u1ef1c giao h\u00e0ng<\/p>\n","protected":false},"featured_media":186,"comment_status":"open","ping_status":"closed","template":"","meta":[],"product_brand":[],"product_cat":[22],"product_tag":[],"class_list":{"0":"post-185","1":"product","2":"type-product","3":"status-publish","4":"has-post-thumbnail","6":"product_cat-gach-lat-via-he-gia-da","8":"first","9":"instock","10":"shipping-taxable","11":"purchasable","12":"product-type-simple"},"_links":{"self":[{"href":"https:\/\/gachhoabinh.vn\/index.php\/wp-json\/wp\/v2\/product\/185","targetHints":{"allow":["GET"]}}],"collection":[{"href":"https:\/\/gachhoabinh.vn\/index.php\/wp-json\/wp\/v2\/product"}],"about":[{"href":"https:\/\/gachhoabinh.vn\/index.php\/wp-json\/wp\/v2\/types\/product"}],"replies":[{"embeddable":true,"href":"https:\/\/gachhoabinh.vn\/index.php\/wp-json\/wp\/v2\/comments?post=185"}],"wp:featuredmedia":[{"embeddable":true,"href":"https:\/\/gachhoabinh.vn\/index.php\/wp-json\/wp\/v2\/media\/186"}],"wp:attachment":[{"href":"https:\/\/gachhoabinh.vn\/index.php\/wp-json\/wp\/v2\/media?parent=185"}],"wp:term":[{"taxonomy":"product_brand","embeddable":true,"href":"https:\/\/gachhoabinh.vn\/index.php\/wp-json\/wp\/v2\/product_brand?post=185"},{"taxonomy":"product_cat","embeddable":true,"href":"https:\/\/gachhoabinh.vn\/index.php\/wp-json\/wp\/v2\/product_cat?post=185"},{"taxonomy":"product_tag","embeddable":true,"href":"https:\/\/gachhoabinh.vn\/index.php\/wp-json\/wp\/v2\/product_tag?post=185"}],"curies":[{"name":"wp","href":"https:\/\/api.w.org\/{rel}","templated":true}]}}