{"id":187,"date":"2025-10-13T12:10:16","date_gmt":"2025-10-13T12:10:16","guid":{"rendered":"https:\/\/gachhoabinh.vn\/?post_type=product&#038;p=187"},"modified":"2025-10-13T12:10:16","modified_gmt":"2025-10-13T12:10:16","slug":"gach-gia-da-coric","status":"publish","type":"product","link":"https:\/\/gachhoabinh.vn\/index.php\/product\/gach-gia-da-coric\/","title":{"rendered":"G\u1ea1ch gi\u1ea3 \u0111\u00e1 coric"},"content":{"rendered":"<p>g\u1ea1ch b\u00ea t\u00f4ng gi\u1ea3 \u0111\u00e1 l\u00e1t v\u1ec9a h\u00e8 Coric m\u00e0u tr\u1eafng k\u00edch th\u01b0\u1edbc 40x40cm ho\u1eb7c 30x30cm \u0111\u01b0\u1ee3c l\u1ef1a ch\u1ecdn l\u00e0m v\u1eadt li\u1ec7u thay th\u1ebf v\u00ec c\u00f3 r\u1ea5t nhi\u1ec1u \u01b0u \u0111i\u1ec3m v\u01b0\u1ee3t tr\u1ed9i so v\u1edbi g\u1ea1ch Terrazzo v\u00e0 g\u1ea1ch block t\u1ef1 ch\u00e8n th\u00f4ng th\u01b0\u1eddng kh\u00e1c, th\u1eadm ch\u00ed l\u00e0 c\u1ea3 \u0111\u00e1 t\u1ef1 nhi\u00ean.<\/p>\n<p><strong>Th\u1ee9 nh\u1ea5t:<\/strong>\u00a0M\u1eabu m\u00e3, k\u00edch th\u01b0\u1edbc g\u1ea1ch gi\u1ea3 \u0111\u00e1 Coric m\u00e0u tr\u1eafng \u0111\u01b0\u1ee3c con ng\u01b0\u1eddi t\u1ef1 thi\u1ebft k\u1ebf n\u00ean s\u1ebd \u0111\u00e1p \u1ee9ng \u0111\u01b0\u1ee3c m\u1ecdi k\u00edch th\u01b0\u1edbc v\u00e0 m\u1eabu m\u00e3 do kh\u00e1ch h\u00e0ng y\u00eau c\u1ea7u, \u0111i\u1ec3n h\u00ecnh hai m\u1eabu g\u1ea1ch \u0111\u01b0\u1ee3c kh\u00e1ch h\u00e0ng hay d\u00f9ng nh\u1ea5t s\u1ea3n xu\u1ea5t v\u1edbi 2 k\u00edch th\u01b0\u1edbc l\u00e0 40\u00d740 cm ho\u1eb7c 30\u00d730 cm.<\/p>\n<p>G\u1ea1ch Coric gi\u1ea3 \u0111\u00e1 m\u00e0u tr\u1eafng \u0111\u01b0\u1ee3c s\u1ea3n xu\u1ea5t b\u1eb1ng v\u1eadt li\u1ec7u c\u00e1t, \u0111\u00e1, xi, keo, n\u01b0\u1edbc v\u00e0 c\u00e1c ph\u1ee5 gia kh\u00e1c, \u0111\u01b0\u1ee3c \u0111\u00fac b\u1eb1ng b\u00ea t\u00f4ng \u01b0\u1edbt s\u1ebd l\u00e0m cho c\u01b0\u1eddng \u0111\u1ed9 m\u00e1c vi\u00ean g\u1ea1ch cao h\u01a1n nhi\u1ec1u l\u1ea7n t\u1eeb m\u00e1c 200 tr\u1edf l\u00ean.<\/p>\n<p><strong>Th\u1ee9 hai:<\/strong>\u00a0L\u1edbp b\u1ec1 m\u1eb7t c\u1ee7a g\u1ea1ch b\u00ea t\u00f4ng gi\u1ea3 \u0111\u00e1 Coric m\u00e0u tr\u1eafng c\u00f3 c\u00e1c ch\u1ea5t ph\u1ee5 gia nh\u01b0 keo, ph\u1ee5 gia m\u00e0u, ph\u1ee5 gia ch\u1ed1ng m\u00e0i m\u00f2n, ph\u1ee5 gia ch\u1ed1ng r\u00eau m\u1ed1c\u2026l\u00e0m cho vi\u00ean g\u1ea1ch b\u00f3ng h\u01a1n, b\u1ec1n m\u00e0u h\u01a1n, \u0111\u1ed9 m\u00e0i m\u00f2n t\u1ed1t h\u01a1n v\u00e0 kh\u00f4ng b\u1ecb r\u00eau m\u1ed1c\u2026<\/p>\n<p>Tr\u00ean b\u1ec1 m\u1eb7t vi\u00ean g\u1ea1ch gi\u1ea3 \u0111\u00e1 Coric m\u00e0u tr\u1eafng c\u00f3 \u0111\u01b0\u1eddng v\u00e2n g\u1ee3n nh\u1eb9 v\u1eeba c\u00f3 t\u00e1c d\u1ee5ng tr\u00e1nh tr\u01a1n tr\u01b0\u1ee3t v\u1eeba t\u1ea1o \u0111i\u1ec3m nh\u1ea5n cho vi\u00ean g\u1ea1ch. \u0110\u1ed3ng th\u1eddi \u0111\u1ed9 s\u00e2u c\u1ee7a v\u00e2n vi\u00ean g\u1ea1ch Coric m\u00e0u tr\u1eafng v\u1eeba ph\u1ea3i tr\u00e1nh vi\u1ec7c \u0111\u1ecdng \u0111\u1ea5t c\u00e1t b\u1ee5i kh\u00f3 qu\u00e9t.<\/p>\n<p>Do \u0111\u01b0\u1ee3c s\u1ea3n xu\u1ea5t nh\u00e2n t\u1ea1o n\u00ean k\u00edch th\u01b0\u1edbc vi\u00ean g\u1ea1ch chu\u1ea9n x\u00e1c, \u00edt sai s\u1ed1 d\u1eabn t\u1edbi vi\u1ec7c thi c\u00f4ng l\u00e1t g\u1ea1ch b\u00ea t\u00f4ng gi\u1ea3 \u0111\u00e1 Coric m\u00e0u tr\u1eafng c\u0169ng r\u1ea5t \u0111\u01a1n gi\u1ea3n, nh\u1ea1nh, d\u1ec5 thi c\u00f4ng. \u0110\u1ed1i v\u1edbi g\u1ea1ch b\u00ea t\u00f4ng gi\u1ea3 \u0111\u00e1 t\u1ef1 ch\u00e8n Coric m\u00e0u tr\u1eafng, ch\u1ec9 c\u1ea7n \u0111\u1ea7m n\u1ec1n ch\u1eb7t b\u1eb1ng ph\u1eb3ng, r\u1ea3i c\u00e1t v\u00e0 \u0111\u1eb7t c\u00e1c vi\u00ean g\u1ea1ch t\u1ef1 ch\u00e8n v\u00e0o v\u1edbi nhau.<\/p>\n","protected":false},"excerpt":{"rendered":"<p><strong>\u00a0L\u01b0u \u00fd:<\/strong>\u00a0\u0110\u01a1n gi\u00e1 t\u00ednh theo m2, thay \u0111\u1ed5i theo s\u1ed1 l\u01b0\u1ee3ng \u0111\u1eb7t h\u00e0ng v\u00e0 khu v\u1ef1c giao h\u00e0ng<\/p>\n","protected":false},"featured_media":188,"comment_status":"open","ping_status":"closed","template":"","meta":[],"product_brand":[],"product_cat":[22],"product_tag":[],"class_list":{"0":"post-187","1":"product","2":"type-product","3":"status-publish","4":"has-post-thumbnail","6":"product_cat-gach-lat-via-he-gia-da","8":"first","9":"instock","10":"shipping-taxable","11":"purchasable","12":"product-type-simple"},"_links":{"self":[{"href":"https:\/\/gachhoabinh.vn\/index.php\/wp-json\/wp\/v2\/product\/187","targetHints":{"allow":["GET"]}}],"collection":[{"href":"https:\/\/gachhoabinh.vn\/index.php\/wp-json\/wp\/v2\/product"}],"about":[{"href":"https:\/\/gachhoabinh.vn\/index.php\/wp-json\/wp\/v2\/types\/product"}],"replies":[{"embeddable":true,"href":"https:\/\/gachhoabinh.vn\/index.php\/wp-json\/wp\/v2\/comments?post=187"}],"wp:featuredmedia":[{"embeddable":true,"href":"https:\/\/gachhoabinh.vn\/index.php\/wp-json\/wp\/v2\/media\/188"}],"wp:attachment":[{"href":"https:\/\/gachhoabinh.vn\/index.php\/wp-json\/wp\/v2\/media?parent=187"}],"wp:term":[{"taxonomy":"product_brand","embeddable":true,"href":"https:\/\/gachhoabinh.vn\/index.php\/wp-json\/wp\/v2\/product_brand?post=187"},{"taxonomy":"product_cat","embeddable":true,"href":"https:\/\/gachhoabinh.vn\/index.php\/wp-json\/wp\/v2\/product_cat?post=187"},{"taxonomy":"product_tag","embeddable":true,"href":"https:\/\/gachhoabinh.vn\/index.php\/wp-json\/wp\/v2\/product_tag?post=187"}],"curies":[{"name":"wp","href":"https:\/\/api.w.org\/{rel}","templated":true}]}}